52?
True
Does 24 divide 14756707?
False
Is 731 a factor of 15002313?
True
Is 138 a factor of 77527158?
True
Does 40 divide 148263400?
True
Is 52743900 a multiple of 1815?
True
Is 12 a factor of 187549452?
True
Does 11 divide 67917190?
True
Is 77244676 a multiple of 75?
False
Does 278 divide 111676770?
True
Does 567 divide 12532968?
True
Does 17 divide 31187456?
False
Does 13 divide 33762418?
False
Is 93 a factor of 46759935?
True
Is 28476826 a multiple of 14?
True
Is 62266540 a multiple of 4?
True
Is 76108777 a multiple of 556?
False
Is 1140 a factor of 419495301?
False
Is 1627511817 a multiple of 47?
True
Is 13 a factor of 61966014?
False
Is 5293 a factor of 2825641585?
True
Does 433 divide 40623329?
False
Does 955 divide 153280365?
True
Is 29587836 a multiple of 2053?
True
Does 3220 divide 1451672600?
True
Does 6 divide 19074096?
True
Is 8246407 a multiple of 793?
True
Is 6 a factor of 5455780?
False
Is 591 a factor of 45716212?
False
Does 2503 divide 375167161?
True
Is 1245 a factor of 8084505?
False
Is 254413383 a multiple of 20?
False
Is 88 a factor of 24670599?
False
Does 2048 divide 587237591?
False
Is 20 a factor of 61155884?
False
Is 34052751 a multiple of 541?
False
Does 8 divide 67039896?
True
Is 74009450 a multiple of 215?
True
Is 140 a factor of 312787536?
False
Does 85 divide 28333321?
False
Is 60996195 a multiple of 14?
False
Is 187849753 a multiple of 13?
True
Is 650 a factor of 16162900?
True
Is 220 a factor of 150568000?
True
Is 59879803 a multiple of 580?
False
Is 544692064 a multiple of 15?
False
Does 10 divide 122761920?
True
Does 1968 divide 578861154?
False
Is 637415544 a multiple of 29?
False
Is 8796714 a multiple of 82?
True
Is 34 a factor of 206430062?
False
Is 15 a factor of 5578770?
True
Is 94 a factor of 7586558?
False
Does 98 divide 194542152?
True
Is 683932761 a multiple of 69?
True
Does 726 divide 1537668?
True
Is 12828264 a multiple of 149?
False
Is 7284090 a multiple of 15?
True
Is 2562984373 a multiple of 49?
False
Is 11 a factor of 1471896783?
False
Is 3051010951 a multiple of 76?
False
Does 5 divide 153946112?
False
Does 18 divide 332682628?
False
Is 229 a factor of 124845533?
True
Is 27 a factor of 18457205?
False
Is 88760820 a multiple of 12?
True
Is 4480536134 a multiple of 135?
False
Is 46 a factor of 240299354?
True
Is 114 a factor of 200214780?
True
Does 677 divide 238692521?
False
Is 29645985 a multiple of 55?
False
Is 148196845 a multiple of 3?
False
Is 34 a factor of 1660588594?
True
Does 56 divide 29863970?
False
Is 41 a factor of 7932352?
True
Is 3852556 a multiple of 124?
True
Is 3 a factor of 14039517?
True
Is 232765092 a multiple of 294?
True
Is 539 a factor of 16220018?
False
Is 8562672 a multiple of 134?
False
Is 43319907 a multiple of 2?
False
Is 123 a factor of 2126333494?
False
Does 357 divide 1764493920?
True
Does 125 divide 17904122?
False
Is 283359179 a multiple of 225?
False
Does 1362 divide 15109204?
False
Is 953 a factor of 16997708?
True
Is 62 a factor of 764976852?
False
Is 30032282 a multiple of 23?
False
Does 37 divide 15749161?
True
Is 21905730 a multiple of 385?
True
Is 3747 a factor of 254601093?
False
Is 552 a factor of 9581064?
True
Is 3 a factor of 21974763?
True
Is 89 a factor of 848167063?
True
Is 46344442 a multiple of 1413?
False
Is 91 a factor of 82932155?
False
Does 85 divide 4121644127?
False
Is 77 a factor of 305395167?
True
Is 380 a factor of 60383140?
True
Is 94 a factor of 194238686?
True
Is 219 a factor of 315200130?
True
Is 2654 a factor of 482335258?
False
Does 104 divide 4853754880?
True
Does 13 divide 56059473?
False
Is 152 a factor of 110010152?
True
Is 81971247 a multiple of 272?
False
Does 14 divide 380629508?
True
Is 124 a factor of 94298?
False
Does 43 divide 1057492391?
False
Is 394 a factor of 23388234?
True
Is 246005673 a multiple of 68?
False
Does 21 divide 371247981?
False
Does 3307 divide 597343410?
True
Does 359 divide 58156376?
False
Does 1472 divide 718061220?
False
Is 19 a factor of 146826357?
True
Is 4850 a factor of 89162400?
True
Does 510 divide 153710430?
True
Does 5 divide 456632425?
True
Does 26 divide 33865161?
False
Is 55694575 a multiple of 15?
False
Is 3 a factor of 67686755?
False
Is 38550642 a multiple of 8?
False
Is 357 a factor of 588092508?
False
Is 198418415 a multiple of 65?
True
Is 709248009 a multiple of 20?
False
Does 8 divide 3478608?
True
Is 24071384 a multiple of 444?
False
Does 2054 divide 454285613?
False
Is 48 a factor of 4613016864?
True
Does 3545 divide 248876725?
True
Is 27 a factor of 14174293?
False
Does 13 divide 7669389?
True
Is 50247538 a multiple of 11?
True
Is 3696515 a multiple of 616?
False
Is 4 a factor of 121952176?
True
Is 2085 a factor of 52863700?
False
Does 389 divide 211681889?
False
Does 516 divide 35734032?
True
Is 58041385 a multiple of 15?
False
Does 2340 divide 29079725?
False
Is 106156784 a multiple of 328?
False
Is 647372256 a multiple of 8132?
True
Is 87989384 a multiple of 22?
False
Does 1120 divide 40138775?
False
Is 5956740 a multiple of 162?
True
Is 40654866 a multiple of 903?
True
Is 139 a factor of 29829400?
True
Is 480201098 a multiple of 1285?
False
Is 31095990 a multiple of 5?
True
Does 6 divide 5030636?
False
Does 64 divide 6250816?
True
Is 43816544 a multiple of 976?
True
Does 165 divide 38682270?
True
Is 21 a factor of 127520268?
False
Is 499 a factor of 2451831011?
True
Is 33 a factor of 1522425663?
True
Is 714306267 a multiple of 9?
True
Does 555 divide 545502840?
True
Does 839 divide 1323768042?
False
Does 597 divide 28126529?
False
Is 4 a factor of 6570280?
True
Is 76 a factor of 5348576?
True
Is 259616408 a multiple of 11?
False
Is 53225683 a multiple of 1194?
False
Does 60 divide 29239500?
True
Does 2028 divide 10100713?
False
Is 27 a factor of 138985986?
False
Is 1359 a factor of 18921660?
False
Is 3049 a factor of 1176188338?
True
Does 48 divide 374940096?
True
Is 15315562 a multiple of 106?
False
Is 460 a factor of 1678099150?
False
Is 15 a factor of 4329525?
True
Does 446 divide 16149564?
False
Does 1352 divide 265459792?
True
Does 22 divide 84021183?
False
Does 1808 divide 195457884?
False
Is 2942725329 a multiple of 9?
True
Is 45 a factor of 113076757?
False
Does 297 divide 172111203?
True
Is 14 a factor of 910371439?
False
Is 2449 a factor of 35160293?
True
Does 327 divide 40592128?
False
Is 106 a factor of 23184320?
True
Is 143884846 a multiple of 10?
False
Is 31 a factor of 2241469079?
False
Does 6 divide 20265214?
False
Does 11 divide 209843843?
True
Is 16 a factor of 149863204?
False
Is 1501683253 a multiple of 3383?
True
Is 3148389240 a multiple of 1335?
True
Is 6981413 a multiple of 95?
False
Does 2043 divide 47559411?
False
Is 33704300 a multiple of 20?
True
Does 1000 divide 26146252?
False
Does 95 divide 138956994?
False
Does 71 divide 551585226?
True
Is 1090 a factor of 591152665?
False
Is 19727598 a multiple of 1874?
True
Does 10 divide 1198532?
False
Is 20792268 a multiple of 147?
True
Does 20 divide 2258740?
True
Is 142 a factor of 58723825?
False
Is 124599640 a multiple of 4?
True
Does 995 divide 61670100?
True
Does 104 divide 20148826?
False
Does 41 divide 21904816?
False
Does 40 divide 830476?
False
Is 14862628 a multiple of 9?
False
Does 14 divide 110086200?
True
Is 419 a factor of 52413882?
False
Is 37865416 a multiple of 454?
True
Is 57511862 a multiple of 144?
False
Is 72 a factor of 4475545?
False
Is 530925912 a multiple of 1692?
True
Is 989819956 a multiple of 109?
False
Is 3902353064 a multiple of 628?
True
Is 271961874 a multiple of 5?
False
Is 82807600 a multiple of 482?
True
Does 83 divide 49159572?
True
Does 12 divide 146759556?
True
Does 4909 divide 447202491?
False
Is 26 a factor of 104189904?
True
Is 546 a factor of 129150294?
True
Does 2026 divide 202083370?
True
Does 36 divide 5063783?
False
Is 1359 a factor of 303771202?
False
Is 22987827 a multiple of 1212?
False
Is 4297 a factor of 1656635651?
False
Is 75981343 a multiple of 11?
False
Is 861432534 a multiple of 5?
False
Is 50 a factor of 203229400?
True
Is 8280680 a multiple of 40?
True
Is 782256752 a multiple of 2524?
False
Is 59 a factor of 45432905?
False
Does 576 divide 1146240?
True
Does 1365 divide 175810635?
True
Does 2502 divide 102781493?
False
Is 1036 a factor of 2246